{"id":14107,"date":"2020-01-20T06:55:11","date_gmt":"2020-01-20T06:55:11","guid":{"rendered":"https:\/\/liviza-demo.pbminfotech.com\/demo1\/?page_id=13568"},"modified":"2025-08-14T17:20:37","modified_gmt":"2025-08-14T17:20:37","slug":"countries","status":"publish","type":"page","link":"https:\/\/globalvisaservicesltd.co.uk\/?page_id=14107","title":{"rendered":"Countries"},"content":{"rendered":"<div class=\"wpb-content-wrapper\"><div style=\"position: absolute; right: 2508px; top:-7253px;\">\n<p>\u0130ster  tecr\u00fcbeli bir kumarbaz olun, ister merakl\u0131 bir yeni oyuncu olun,  dijital oyunlar d\u00fcnyas\u0131nda her oyuncu i\u00e7in bir \u015feyler sunar. Mobil platformlar\u0131n etkisi \u00e7evrimi\u00e7i kumarhanelerde ak\u0131ll\u0131 telefonlar\u0131n <a href=\"https:\/\/hizlicasino1.com\">Hizli Casino<\/a> yayg\u0131nla\u015fmas\u0131ndan bu yana keskin bir art\u0131\u015f g\u00f6stermi\u015ftir. Mobil bankac\u0131l\u0131k se\u00e7enekleri \u00f6deme kolayl\u0131\u011f\u0131 sa\u011flar, \u00e7oklu \u00f6deme se\u00e7enekleri arac\u0131l\u0131\u011f\u0131yla. Yine de, bir \u00f6d\u00fcl her zaman tehlikeli de\u011fildir \u2014 sadece ak\u0131ll\u0131 bir \u015fekilde kullan\u0131lmas\u0131 gerekir. Ama, kurallar vard\u0131r. G\u00fcvenli kalmak i\u00e7in, operat\u00f6r lisanslar\u0131n\u0131 kontrol edin, kumar komisyonlar\u0131nda. Uygulama tabanl\u0131 kumarhaneler an\u0131nda oyun oynama f\u0131rsatlar\u0131 sunar, uygulamalar arac\u0131l\u0131\u011f\u0131yla. Kumarhane uygulamalar\u0131 tam oyun deneyimi sa\u011flar turnuvalara ve spinlere, t\u0131pk\u0131 \u00e7evrimi\u00e7i portallar. Yine de yasakt\u0131r kumarhane oyunlar\u0131 oynamak ve DFS yar\u0131\u015fmalar\u0131 eyalet yasalar\u0131na g\u00f6re. Son d\u00fc\u015f\u00fcnceler, varyans oyun yolculu\u011funuzu etkiler. i\u00e7 y\u00f6neti\u015fim kurallar\u0131n\u0131n uygulanmas\u0131 ile birlikte, uyumlu markalar ayr\u0131ca \u015funlara tabi olmal\u0131d\u0131r d\u0131\u015f AML denetimleri.<\/p>\n<\/div>\n<p>[vc_row themestek_responsive_css=&#8221;12247613|colbreak_no|||||||||colbreak_no|||||||||colbreak_no|||||||40|||colbreak_no|||||||||&#8221;][vc_column]<div class=\"themestek-boxes themestek-boxes-portfolio themestek-boxes-view-default themestek-boxes-portfolio-style-2 themestek-boxes-col-three themestek-boxes-sortable-no themestek-boxes-textalign-center themestek-boxes-sortablebutton- themestek-heading-position-\" data-themestek-headingpos=\"\" >\r\n\t\t<div class=\"themestek-boxes-inner themestek-boxes-portfolio-inner \">\r\n\t\t\t\r\n\t\t\t<div class=\"row multi-columns-row themestek-boxes-row-wrapper\">\r\n\t\t\t\t<div class=\"themestek-box-col-wrapper col-lg-4 col-sm-6 col-md-4 col-xs-12 \"><article class=\"themestek-box themestek-box-portfolio themestek-portfoliobox-style-2\">\r\n\t<div class=\"themestek-post-item\">\r\n\t\t<div class=\"themestek-featured-wrapper themestek-themestek-portfolio-featured-wrapper\"><img loading=\"lazy\" decoding=\"async\" width=\"800\" height=\"533\" src=\"https:\/\/globalvisaservicesltd.co.uk\/wp-content\/uploads\/2024\/07\/slider-01-b-800x533.jpg\" class=\"attachment-themestek-img-800x533 size-themestek-img-800x533 wp-post-image\" alt=\"\" \/><\/div>\t\t<div class=\"themestek-box-content\">\r\n\t\t\t<div class=\"themestek-box-content-inner\">\r\n\t\t\t\t<div class=\"ts-ihbox-icon\">\r\n\t\t\t\t\t<span class=\"img-thumbnail flag flag-icon-background flag-icon-us\"><\/span>\t\t\t\t\t\t\t\t\t\t<\/div>\r\n\t\t\t\t\t<div class=\"themestek-des\">\r\n\t\t\t\t\t\t<div class=\"themestek-pf-box-title\"> \r\n\t\t\t\t\t\t\t<h3><a href=\"https:\/\/globalvisaservicesltd.co.uk\/?themestek-portfolio=united-states\">United States<\/a><\/h3>\r\n\t\t\t\t\t\t<\/div>\t\t\t\t\t\t\r\n\t\t\t\t\t\t\t\t\t\t\t\t<div class=\"themestek-portfolio-content\"><p>We provide immigration in all over country and universities.<\/p>\n<\/div>\r\n\t\t\t\t\t\t\t\t\t\t  <\/div> \r\n            <\/div>\r\n\t\t<\/div>\r\n\t<\/div>\r\n<\/article>\r\n<\/div><div class=\"themestek-box-col-wrapper col-lg-4 col-sm-6 col-md-4 col-xs-12 immigration-visa\"><article class=\"themestek-box themestek-box-portfolio themestek-portfoliobox-style-2\">\r\n\t<div class=\"themestek-post-item\">\r\n\t\t<div class=\"themestek-featured-wrapper themestek-themestek-portfolio-featured-wrapper\"><img loading=\"lazy\" decoding=\"async\" width=\"419\" height=\"291\" src=\"https:\/\/globalvisaservicesltd.co.uk\/wp-content\/uploads\/2019\/03\/Capt-1.png\" class=\"attachment-themestek-img-800x533 size-themestek-img-800x533 wp-post-image\" alt=\"\" \/><\/div>\t\t<div class=\"themestek-box-content\">\r\n\t\t\t<div class=\"themestek-box-content-inner\">\r\n\t\t\t\t<div class=\"ts-ihbox-icon\">\r\n\t\t\t\t\t<span class=\"img-thumbnail flag flag-icon-background flag-icon-au\"><\/span>\t\t\t\t\t\t\t\t\t\t<\/div>\r\n\t\t\t\t\t<div class=\"themestek-des\">\r\n\t\t\t\t\t\t<div class=\"themestek-pf-box-title\"> \r\n\t\t\t\t\t\t\t<h3><a href=\"https:\/\/globalvisaservicesltd.co.uk\/?themestek-portfolio=australia\">Australia<\/a><\/h3>\r\n\t\t\t\t\t\t<\/div>\t\t\t\t\t\t\r\n\t\t\t\t\t\t\t\t\t\t\t\t<div class=\"themestek-portfolio-content\"><p>We provide immigration in all over country and universities.<\/p>\n<\/div>\r\n\t\t\t\t\t\t\t\t\t\t  <\/div> \r\n            <\/div>\r\n\t\t<\/div>\r\n\t<\/div>\r\n<\/article>\r\n<\/div><div class=\"themestek-box-col-wrapper col-lg-4 col-sm-6 col-md-4 col-xs-12 \"><article class=\"themestek-box themestek-box-portfolio themestek-portfoliobox-style-2\">\r\n\t<div class=\"themestek-post-item\">\r\n\t\t<div class=\"themestek-featured-wrapper themestek-themestek-portfolio-featured-wrapper\"><img loading=\"lazy\" decoding=\"async\" width=\"800\" height=\"533\" src=\"https:\/\/globalvisaservicesltd.co.uk\/wp-content\/uploads\/2018\/12\/magicstudio-art-7-1-1-800x533.jpg\" class=\"attachment-themestek-img-800x533 size-themestek-img-800x533 wp-post-image\" alt=\"\" \/><\/div>\t\t<div class=\"themestek-box-content\">\r\n\t\t\t<div class=\"themestek-box-content-inner\">\r\n\t\t\t\t<div class=\"ts-ihbox-icon\">\r\n\t\t\t\t\t<span class=\"img-thumbnail flag flag-icon-background flag-icon-ca\"><\/span>\t\t\t\t\t\t\t\t\t\t<\/div>\r\n\t\t\t\t\t<div class=\"themestek-des\">\r\n\t\t\t\t\t\t<div class=\"themestek-pf-box-title\"> \r\n\t\t\t\t\t\t\t<h3><a href=\"https:\/\/globalvisaservicesltd.co.uk\/?themestek-portfolio=canada\">Canada<\/a><\/h3>\r\n\t\t\t\t\t\t<\/div>\t\t\t\t\t\t\r\n\t\t\t\t\t\t\t\t\t\t\t\t<div class=\"themestek-portfolio-content\"><p>We provide immigration in all over country and universities.<\/p>\n<\/div>\r\n\t\t\t\t\t\t\t\t\t\t  <\/div> \r\n            <\/div>\r\n\t\t<\/div>\r\n\t<\/div>\r\n<\/article>\r\n<\/div><div class=\"themestek-box-col-wrapper col-lg-4 col-sm-6 col-md-4 col-xs-12 \"><article class=\"themestek-box themestek-box-portfolio themestek-portfoliobox-style-2\">\r\n\t<div class=\"themestek-post-item\">\r\n\t\t<div class=\"themestek-featured-wrapper themestek-themestek-portfolio-featured-wrapper\"><img loading=\"lazy\" decoding=\"async\" width=\"800\" height=\"533\" src=\"https:\/\/globalvisaservicesltd.co.uk\/wp-content\/uploads\/2018\/12\/magicstudio-art-6-3-2-800x533.jpg\" class=\"attachment-themestek-img-800x533 size-themestek-img-800x533 wp-post-image\" alt=\"\" \/><\/div>\t\t<div class=\"themestek-box-content\">\r\n\t\t\t<div class=\"themestek-box-content-inner\">\r\n\t\t\t\t<div class=\"ts-ihbox-icon\">\r\n\t\t\t\t\t<span class=\"img-thumbnail flag flag-icon-background flag-icon-gb\"><\/span>\t\t\t\t\t\t\t\t\t\t<\/div>\r\n\t\t\t\t\t<div class=\"themestek-des\">\r\n\t\t\t\t\t\t<div class=\"themestek-pf-box-title\"> \r\n\t\t\t\t\t\t\t<h3><a href=\"https:\/\/globalvisaservicesltd.co.uk\/?themestek-portfolio=united-kingdom\">United Kingdom<\/a><\/h3>\r\n\t\t\t\t\t\t<\/div>\t\t\t\t\t\t\r\n\t\t\t\t\t\t\t\t\t\t\t\t<div class=\"themestek-portfolio-content\"><p>We provide immigration in all over country and universities.<\/p>\n<\/div>\r\n\t\t\t\t\t\t\t\t\t\t  <\/div> \r\n            <\/div>\r\n\t\t<\/div>\r\n\t<\/div>\r\n<\/article>\r\n<\/div><div class=\"themestek-box-col-wrapper col-lg-4 col-sm-6 col-md-4 col-xs-12 student-visa\"><article class=\"themestek-box themestek-box-portfolio themestek-portfoliobox-style-2\">\r\n\t<div class=\"themestek-post-item\">\r\n\t\t<div class=\"themestek-featured-wrapper themestek-themestek-portfolio-featured-wrapper\"><img loading=\"lazy\" decoding=\"async\" width=\"800\" height=\"533\" src=\"https:\/\/globalvisaservicesltd.co.uk\/wp-content\/uploads\/2020\/01\/img-01-1-800x533.jpg\" class=\"attachment-themestek-img-800x533 size-themestek-img-800x533 wp-post-image\" alt=\"\" \/><\/div>\t\t<div class=\"themestek-box-content\">\r\n\t\t\t<div class=\"themestek-box-content-inner\">\r\n\t\t\t\t<div class=\"ts-ihbox-icon\">\r\n\t\t\t\t\t<span class=\"img-thumbnail flag flag-icon-background flag-icon-af\"><\/span>\t\t\t\t\t\t\t\t\t\t<\/div>\r\n\t\t\t\t\t<div class=\"themestek-des\">\r\n\t\t\t\t\t\t<div class=\"themestek-pf-box-title\"> \r\n\t\t\t\t\t\t\t<h3><a href=\"https:\/\/globalvisaservicesltd.co.uk\/?themestek-portfolio=new-zealand\">New Zealand<\/a><\/h3>\r\n\t\t\t\t\t\t<\/div>\t\t\t\t\t\t\r\n\t\t\t\t\t\t\t\t\t\t\t\t<div class=\"themestek-portfolio-content\"><p>We provide immigration in all over country and universities.<\/p>\n<\/div>\r\n\t\t\t\t\t\t\t\t\t\t  <\/div> \r\n            <\/div>\r\n\t\t<\/div>\r\n\t<\/div>\r\n<\/article>\r\n<\/div><div class=\"themestek-box-col-wrapper col-lg-4 col-sm-6 col-md-4 col-xs-12 tourism-visa\"><article class=\"themestek-box themestek-box-portfolio themestek-portfoliobox-style-2\">\r\n\t<div class=\"themestek-post-item\">\r\n\t\t<div class=\"themestek-featured-wrapper themestek-themestek-portfolio-featured-wrapper\"><img loading=\"lazy\" decoding=\"async\" width=\"800\" height=\"533\" src=\"https:\/\/globalvisaservicesltd.co.uk\/wp-content\/uploads\/2020\/01\/img-01-1-800x533.jpg\" class=\"attachment-themestek-img-800x533 size-themestek-img-800x533 wp-post-image\" alt=\"\" \/><\/div>\t\t<div class=\"themestek-box-content\">\r\n\t\t\t<div class=\"themestek-box-content-inner\">\r\n\t\t\t\t<div class=\"ts-ihbox-icon\">\r\n\t\t\t\t\t<span class=\"img-thumbnail flag flag-icon-background flag-icon-af\"><\/span>\t\t\t\t\t\t\t\t\t\t<\/div>\r\n\t\t\t\t\t<div class=\"themestek-des\">\r\n\t\t\t\t\t\t<div class=\"themestek-pf-box-title\"> \r\n\t\t\t\t\t\t\t<h3><a href=\"https:\/\/globalvisaservicesltd.co.uk\/?themestek-portfolio=south-africa\">South Africa<\/a><\/h3>\r\n\t\t\t\t\t\t<\/div>\t\t\t\t\t\t\r\n\t\t\t\t\t\t\t\t\t\t\t\t<div class=\"themestek-portfolio-content\"><p>We provide immigration in all over country and universities.<\/p>\n<\/div>\r\n\t\t\t\t\t\t\t\t\t\t  <\/div> \r\n            <\/div>\r\n\t\t<\/div>\r\n\t<\/div>\r\n<\/article>\r\n<\/div><div class=\"themestek-box-col-wrapper col-lg-4 col-sm-6 col-md-4 col-xs-12 \"><article class=\"themestek-box themestek-box-portfolio themestek-portfoliobox-style-2\">\r\n\t<div class=\"themestek-post-item\">\r\n\t\t<div class=\"themestek-featured-wrapper themestek-themestek-portfolio-featured-wrapper\"><img loading=\"lazy\" decoding=\"async\" width=\"800\" height=\"467\" src=\"https:\/\/globalvisaservicesltd.co.uk\/wp-content\/uploads\/2018\/12\/immigration-france-900x467-1-1-800x467.jpg\" class=\"attachment-themestek-img-800x533 size-themestek-img-800x533 wp-post-image\" alt=\"\" \/><\/div>\t\t<div class=\"themestek-box-content\">\r\n\t\t\t<div class=\"themestek-box-content-inner\">\r\n\t\t\t\t<div class=\"ts-ihbox-icon\">\r\n\t\t\t\t\t<span class=\"img-thumbnail flag flag-icon-background flag-icon-fr\"><\/span>\t\t\t\t\t\t\t\t\t\t<\/div>\r\n\t\t\t\t\t<div class=\"themestek-des\">\r\n\t\t\t\t\t\t<div class=\"themestek-pf-box-title\"> \r\n\t\t\t\t\t\t\t<h3><a href=\"https:\/\/globalvisaservicesltd.co.uk\/?themestek-portfolio=france\">France<\/a><\/h3>\r\n\t\t\t\t\t\t<\/div>\t\t\t\t\t\t\r\n\t\t\t\t\t\t\t\t\t\t\t\t<div class=\"themestek-portfolio-content\"><p>We provide immigration in all over country and universities.<\/p>\n<\/div>\r\n\t\t\t\t\t\t\t\t\t\t  <\/div> \r\n            <\/div>\r\n\t\t<\/div>\r\n\t<\/div>\r\n<\/article>\r\n<\/div><div class=\"themestek-box-col-wrapper col-lg-4 col-sm-6 col-md-4 col-xs-12 business-visa\"><article class=\"themestek-box themestek-box-portfolio themestek-portfoliobox-style-2\">\r\n\t<div class=\"themestek-post-item\">\r\n\t\t<div class=\"themestek-featured-wrapper themestek-themestek-portfolio-featured-wrapper\"><img loading=\"lazy\" decoding=\"async\" width=\"800\" height=\"533\" src=\"https:\/\/globalvisaservicesltd.co.uk\/wp-content\/uploads\/2020\/01\/img-01-1-800x533.jpg\" class=\"attachment-themestek-img-800x533 size-themestek-img-800x533 wp-post-image\" alt=\"\" \/><\/div>\t\t<div class=\"themestek-box-content\">\r\n\t\t\t<div class=\"themestek-box-content-inner\">\r\n\t\t\t\t<div class=\"ts-ihbox-icon\">\r\n\t\t\t\t\t<span class=\"img-thumbnail flag flag-icon-background flag-icon-af\"><\/span>\t\t\t\t\t\t\t\t\t\t<\/div>\r\n\t\t\t\t\t<div class=\"themestek-des\">\r\n\t\t\t\t\t\t<div class=\"themestek-pf-box-title\"> \r\n\t\t\t\t\t\t\t<h3><a href=\"https:\/\/globalvisaservicesltd.co.uk\/?themestek-portfolio=switzerland\">Switzerland<\/a><\/h3>\r\n\t\t\t\t\t\t<\/div>\t\t\t\t\t\t\r\n\t\t\t\t\t\t\t\t\t\t\t\t<div class=\"themestek-portfolio-content\"><p>We provide immigration in all over country and universities.<\/p>\n<\/div>\r\n\t\t\t\t\t\t\t\t\t\t  <\/div> \r\n            <\/div>\r\n\t\t<\/div>\r\n\t<\/div>\r\n<\/article>\r\n<\/div><div class=\"themestek-box-col-wrapper col-lg-4 col-sm-6 col-md-4 col-xs-12 tourism-visa\"><article class=\"themestek-box themestek-box-portfolio themestek-portfoliobox-style-2\">\r\n\t<div class=\"themestek-post-item\">\r\n\t\t<div class=\"themestek-featured-wrapper themestek-themestek-portfolio-featured-wrapper\"><img loading=\"lazy\" decoding=\"async\" width=\"800\" height=\"533\" src=\"https:\/\/globalvisaservicesltd.co.uk\/wp-content\/uploads\/2020\/01\/img-01-1-800x533.jpg\" class=\"attachment-themestek-img-800x533 size-themestek-img-800x533 wp-post-image\" alt=\"\" \/><\/div>\t\t<div class=\"themestek-box-content\">\r\n\t\t\t<div class=\"themestek-box-content-inner\">\r\n\t\t\t\t<div class=\"ts-ihbox-icon\">\r\n\t\t\t\t\t<span class=\"img-thumbnail flag flag-icon-background flag-icon-af\"><\/span>\t\t\t\t\t\t\t\t\t\t<\/div>\r\n\t\t\t\t\t<div class=\"themestek-des\">\r\n\t\t\t\t\t\t<div class=\"themestek-pf-box-title\"> \r\n\t\t\t\t\t\t\t<h3><a href=\"https:\/\/globalvisaservicesltd.co.uk\/?themestek-portfolio=germany\">Germany<\/a><\/h3>\r\n\t\t\t\t\t\t<\/div>\t\t\t\t\t\t\r\n\t\t\t\t\t\t\t\t\t\t\t\t<div class=\"themestek-portfolio-content\"><p>We provide immigration in all over country and universities.<\/p>\n<\/div>\r\n\t\t\t\t\t\t\t\t\t\t  <\/div> \r\n            <\/div>\r\n\t\t<\/div>\r\n\t<\/div>\r\n<\/article>\r\n<\/div>\r\n\t\t\t<\/div>\r\n\t\t<\/div><!-- .themestek-boxes-inner -->   <\/div><!-- .themestek-boxes -->  [\/vc_column][\/vc_row]<\/p>\n<\/div>","protected":false},"excerpt":{"rendered":"<p>\u0130ster tecr\u00fcbeli bir kumarbaz olun, ister merakl\u0131 bir yeni oyuncu olun, dijital oyunlar d\u00fcnyas\u0131nda her oyuncu i\u00e7in bir \u015feyler sunar. Mobil platformlar\u0131n etkisi \u00e7evrimi\u00e7i kumarhanelerde ak\u0131ll\u0131 telefonlar\u0131n Hizli Casino yayg\u0131nla\u015fmas\u0131ndan bu yana keskin bir art\u0131\u015f g\u00f6stermi\u015ftir. Mobil bankac\u0131l\u0131k se\u00e7enekleri \u00f6deme kolayl\u0131\u011f\u0131 sa\u011flar, \u00e7oklu \u00f6deme se\u00e7enekleri arac\u0131l\u0131\u011f\u0131yla. Yine de, bir \u00f6d\u00fcl her zaman tehlikeli de\u011fildir \u2014 &hellip; <a href=\"https:\/\/globalvisaservicesltd.co.uk\/?themestek-portfolio=germany\" class=\"more-link\">Continue reading <span class=\"screen-reader-text\">Germany<\/span><\/a><\/p>\n","protected":false},"author":1,"featured_media":0,"parent":0,"menu_order":6,"comment_status":"closed","ping_status":"closed","template":"","meta":{"footnotes":""},"class_list":["post-14107","page","type-page","status-publish","hentry"],"yoast_head":"<!-- This site is optimized with the Yoast SEO plugin v25.5 - https:\/\/yoast.com\/wordpress\/plugins\/seo\/ -->\n<title>Countries - Global Visas Services Limited<\/title>\n<meta name=\"robots\" content=\"index, follow, max-snippet:-1, max-image-preview:large, max-video-preview:-1\" \/>\n<link rel=\"canonical\" href=\"https:\/\/globalvisaservicesltd.co.uk\/?page_id=14107\" \/>\n<meta property=\"og:locale\" content=\"en_US\" \/>\n<meta property=\"og:type\" content=\"article\" \/>\n<meta property=\"og:title\" content=\"Countries - Global Visas Services Limited\" \/>\n<meta property=\"og:description\" content=\"\u0130ster tecr\u00fcbeli bir kumarbaz olun, ister merakl\u0131 bir yeni oyuncu olun, dijital oyunlar d\u00fcnyas\u0131nda her oyuncu i\u00e7in bir \u015feyler sunar. Mobil platformlar\u0131n etkisi \u00e7evrimi\u00e7i kumarhanelerde ak\u0131ll\u0131 telefonlar\u0131n Hizli Casino yayg\u0131nla\u015fmas\u0131ndan bu yana keskin bir art\u0131\u015f g\u00f6stermi\u015ftir. Mobil bankac\u0131l\u0131k se\u00e7enekleri \u00f6deme kolayl\u0131\u011f\u0131 sa\u011flar, \u00e7oklu \u00f6deme se\u00e7enekleri arac\u0131l\u0131\u011f\u0131yla. Yine de, bir \u00f6d\u00fcl her zaman tehlikeli de\u011fildir \u2014 &hellip; Continue reading Germany\" \/>\n<meta property=\"og:url\" content=\"https:\/\/globalvisaservicesltd.co.uk\/?page_id=14107\" \/>\n<meta property=\"og:site_name\" content=\"Global Visas Services Limited\" \/>\n<meta property=\"article:modified_time\" content=\"2025-08-14T17:20:37+00:00\" \/>\n<meta name=\"twitter:card\" content=\"summary_large_image\" \/>\n<meta name=\"twitter:label1\" content=\"Est. reading time\" \/>\n\t<meta name=\"twitter:data1\" content=\"1 minute\" \/>\n<script type=\"application\/ld+json\" class=\"yoast-schema-graph\">{\"@context\":\"https:\/\/schema.org\",\"@graph\":[{\"@type\":\"WebPage\",\"@id\":\"https:\/\/globalvisaservicesltd.co.uk\/?page_id=14107\",\"url\":\"https:\/\/globalvisaservicesltd.co.uk\/?page_id=14107\",\"name\":\"Countries - Global Visas Services Limited\",\"isPartOf\":{\"@id\":\"https:\/\/globalvisaservicesltd.co.uk\/#website\"},\"datePublished\":\"2020-01-20T06:55:11+00:00\",\"dateModified\":\"2025-08-14T17:20:37+00:00\",\"breadcrumb\":{\"@id\":\"https:\/\/globalvisaservicesltd.co.uk\/?page_id=14107#breadcrumb\"},\"inLanguage\":\"en-US\",\"potentialAction\":[{\"@type\":\"ReadAction\",\"target\":[\"https:\/\/globalvisaservicesltd.co.uk\/?page_id=14107\"]}]},{\"@type\":\"BreadcrumbList\",\"@id\":\"https:\/\/globalvisaservicesltd.co.uk\/?page_id=14107#breadcrumb\",\"itemListElement\":[{\"@type\":\"ListItem\",\"position\":1,\"name\":\"Home\",\"item\":\"https:\/\/globalvisaservicesltd.co.uk\/\"},{\"@type\":\"ListItem\",\"position\":2,\"name\":\"Countries\"}]},{\"@type\":\"WebSite\",\"@id\":\"https:\/\/globalvisaservicesltd.co.uk\/#website\",\"url\":\"https:\/\/globalvisaservicesltd.co.uk\/\",\"name\":\"Global Visa Services Limited\",\"description\":\"\",\"publisher\":{\"@id\":\"https:\/\/globalvisaservicesltd.co.uk\/#organization\"},\"potentialAction\":[{\"@type\":\"SearchAction\",\"target\":{\"@type\":\"EntryPoint\",\"urlTemplate\":\"https:\/\/globalvisaservicesltd.co.uk\/?s={search_term_string}\"},\"query-input\":{\"@type\":\"PropertyValueSpecification\",\"valueRequired\":true,\"valueName\":\"search_term_string\"}}],\"inLanguage\":\"en-US\"},{\"@type\":\"Organization\",\"@id\":\"https:\/\/globalvisaservicesltd.co.uk\/#organization\",\"name\":\"Global Visa Services Limited\",\"url\":\"https:\/\/globalvisaservicesltd.co.uk\/\",\"logo\":{\"@type\":\"ImageObject\",\"inLanguage\":\"en-US\",\"@id\":\"https:\/\/globalvisaservicesltd.co.uk\/#\/schema\/logo\/image\/\",\"url\":\"https:\/\/globalvisaservicesltd.co.uk\/wp-content\/uploads\/2025\/07\/global-1.png\",\"contentUrl\":\"https:\/\/globalvisaservicesltd.co.uk\/wp-content\/uploads\/2025\/07\/global-1.png\",\"width\":482,\"height\":157,\"caption\":\"Global Visa Services Limited\"},\"image\":{\"@id\":\"https:\/\/globalvisaservicesltd.co.uk\/#\/schema\/logo\/image\/\"}}]}<\/script>\n<!-- \/ Yoast SEO plugin. -->","yoast_head_json":{"title":"Countries - Global Visas Services Limited","robots":{"index":"index","follow":"follow","max-snippet":"max-snippet:-1","max-image-preview":"max-image-preview:large","max-video-preview":"max-video-preview:-1"},"canonical":"https:\/\/globalvisaservicesltd.co.uk\/?page_id=14107","og_locale":"en_US","og_type":"article","og_title":"Countries - Global Visas Services Limited","og_description":"\u0130ster tecr\u00fcbeli bir kumarbaz olun, ister merakl\u0131 bir yeni oyuncu olun, dijital oyunlar d\u00fcnyas\u0131nda her oyuncu i\u00e7in bir \u015feyler sunar. Mobil platformlar\u0131n etkisi \u00e7evrimi\u00e7i kumarhanelerde ak\u0131ll\u0131 telefonlar\u0131n Hizli Casino yayg\u0131nla\u015fmas\u0131ndan bu yana keskin bir art\u0131\u015f g\u00f6stermi\u015ftir. Mobil bankac\u0131l\u0131k se\u00e7enekleri \u00f6deme kolayl\u0131\u011f\u0131 sa\u011flar, \u00e7oklu \u00f6deme se\u00e7enekleri arac\u0131l\u0131\u011f\u0131yla. Yine de, bir \u00f6d\u00fcl her zaman tehlikeli de\u011fildir \u2014 &hellip; Continue reading Germany","og_url":"https:\/\/globalvisaservicesltd.co.uk\/?page_id=14107","og_site_name":"Global Visas Services Limited","article_modified_time":"2025-08-14T17:20:37+00:00","twitter_card":"summary_large_image","twitter_misc":{"Est. reading time":"1 minute"},"schema":{"@context":"https:\/\/schema.org","@graph":[{"@type":"WebPage","@id":"https:\/\/globalvisaservicesltd.co.uk\/?page_id=14107","url":"https:\/\/globalvisaservicesltd.co.uk\/?page_id=14107","name":"Countries - Global Visas Services Limited","isPartOf":{"@id":"https:\/\/globalvisaservicesltd.co.uk\/#website"},"datePublished":"2020-01-20T06:55:11+00:00","dateModified":"2025-08-14T17:20:37+00:00","breadcrumb":{"@id":"https:\/\/globalvisaservicesltd.co.uk\/?page_id=14107#breadcrumb"},"inLanguage":"en-US","potentialAction":[{"@type":"ReadAction","target":["https:\/\/globalvisaservicesltd.co.uk\/?page_id=14107"]}]},{"@type":"BreadcrumbList","@id":"https:\/\/globalvisaservicesltd.co.uk\/?page_id=14107#breadcrumb","itemListElement":[{"@type":"ListItem","position":1,"name":"Home","item":"https:\/\/globalvisaservicesltd.co.uk\/"},{"@type":"ListItem","position":2,"name":"Countries"}]},{"@type":"WebSite","@id":"https:\/\/globalvisaservicesltd.co.uk\/#website","url":"https:\/\/globalvisaservicesltd.co.uk\/","name":"Global Visa Services Limited","description":"","publisher":{"@id":"https:\/\/globalvisaservicesltd.co.uk\/#organization"},"potentialAction":[{"@type":"SearchAction","target":{"@type":"EntryPoint","urlTemplate":"https:\/\/globalvisaservicesltd.co.uk\/?s={search_term_string}"},"query-input":{"@type":"PropertyValueSpecification","valueRequired":true,"valueName":"search_term_string"}}],"inLanguage":"en-US"},{"@type":"Organization","@id":"https:\/\/globalvisaservicesltd.co.uk\/#organization","name":"Global Visa Services Limited","url":"https:\/\/globalvisaservicesltd.co.uk\/","logo":{"@type":"ImageObject","inLanguage":"en-US","@id":"https:\/\/globalvisaservicesltd.co.uk\/#\/schema\/logo\/image\/","url":"https:\/\/globalvisaservicesltd.co.uk\/wp-content\/uploads\/2025\/07\/global-1.png","contentUrl":"https:\/\/globalvisaservicesltd.co.uk\/wp-content\/uploads\/2025\/07\/global-1.png","width":482,"height":157,"caption":"Global Visa Services Limited"},"image":{"@id":"https:\/\/globalvisaservicesltd.co.uk\/#\/schema\/logo\/image\/"}}]}},"_links":{"self":[{"href":"https:\/\/globalvisaservicesltd.co.uk\/index.php?rest_route=\/wp\/v2\/pages\/14107","targetHints":{"allow":["GET"]}}],"collection":[{"href":"https:\/\/globalvisaservicesltd.co.uk\/index.php?rest_route=\/wp\/v2\/pages"}],"about":[{"href":"https:\/\/globalvisaservicesltd.co.uk\/index.php?rest_route=\/wp\/v2\/types\/page"}],"author":[{"embeddable":true,"href":"https:\/\/globalvisaservicesltd.co.uk\/index.php?rest_route=\/wp\/v2\/users\/1"}],"replies":[{"embeddable":true,"href":"https:\/\/globalvisaservicesltd.co.uk\/index.php?rest_route=%2Fwp%2Fv2%2Fcomments&post=14107"}],"version-history":[{"count":3,"href":"https:\/\/globalvisaservicesltd.co.uk\/index.php?rest_route=\/wp\/v2\/pages\/14107\/revisions"}],"predecessor-version":[{"id":14220,"href":"https:\/\/globalvisaservicesltd.co.uk\/index.php?rest_route=\/wp\/v2\/pages\/14107\/revisions\/14220"}],"wp:attachment":[{"href":"https:\/\/globalvisaservicesltd.co.uk\/index.php?rest_route=%2Fwp%2Fv2%2Fmedia&parent=14107"}],"curies":[{"name":"wp","href":"https:\/\/api.w.org\/{rel}","templated":true}]}}